rs of 32450?
2, 5, 11, 59
List the prime factors of 11571.
3, 7, 19, 29
What are the prime factors of 1251?
3, 139
What are the prime factors of 148259?
37, 4007
What are the prime factors of 2397?
3, 17, 47
List the prime factors of 75367.
75367
What are the prime factors of 148055?
5, 29611
What are the prime factors of 1590?
2, 3, 5, 53
List the prime factors of 3365.
5, 673
What are the prime factors of 358?
2, 179
What are the prime factors of 1156?
2, 17
List the prime factors of 1446.
2, 3, 241
List the prime factors of 6513.
3, 13, 167
What are the prime factors of 48939?
3, 11, 1483
List the prime factors of 19488.
2, 3, 7, 29
What are the prime factors of 8956?
2, 2239
What are the prime factors of 9629?
9629
List the prime factors of 8607.
3, 19, 151
List the prime factors of 5995.
5, 11, 109
What are the prime factors of 17026?
2, 8513
List the prime factors of 67531.
67531
List the prime factors of 2219.
7, 317
List the prime factors of 7632.
2, 3, 53
List the prime factors of 5591.
5591
What are the prime factors of 112?
2, 7
What are the prime factors of 508?
2, 127
What are the prime factors of 44050?
2, 5, 881
List the prime factors of 3595.
5, 719
What are the prime factors of 51268?
2, 7, 1831
List the prime factors of 9294.
2, 3, 1549
List the prime factors of 10136.
2, 7, 181
List the prime factors of 3741.
3, 29, 43
List the prime factors of 17063.
113, 151
List the prime factors of 33412.
2, 8353
What are the prime factors of 3106?
2, 1553
What are the prime factors of 9389?
41, 229
What are the prime factors of 2306?
2, 1153
List the prime factors of 10399.
10399
What are the prime factors of 40682?
2, 20341
What are the prime factors of 35781?
3, 11927
What are the prime factors of 22850?
2, 5, 457
List the prime factors of 9221.
9221
List the prime factors of 15706.
2, 7853
List the prime factors of 31626.
2, 3, 7, 251
What are the prime factors of 1628?
2, 11, 37
List the prime factors of 3513.
3, 1171
List the prime factors of 49987.
7, 37, 193
What are the prime factors of 3759?
3, 7, 179
What are the prime factors of 14681?
53, 277
List the prime factors of 80675.
5, 7, 461
List the prime factors of 47629.
47629
List the prime factors of 2152.
2, 269
List the prime factors of 4962.
2, 3, 827
List the prime factors of 8237.
8237
What are the prime factors of 87?
3, 29
What are the prime factors of 14089?
73, 193
What are the prime factors of 1981?
7, 283
List the prime factors of 983.
983
List the prime factors of 32776.
2, 17, 241
List the prime factors of 100963.
17, 5939
List the prime factors of 24988.
2, 6247
What are the prime factors of 46187?
46187
List the prime factors of 6432.
2, 3, 67
List the prime factors of 987.
3, 7, 47
List the prime factors of 2782.
2, 13, 107
What are the prime factors of 8701?
7, 11, 113
List the prime factors of 442.
2, 13, 17
List the prime factors of 366.
2, 3, 61
List the prime factors of 38906.
2, 7, 397
What are the prime factors of 838?
2, 419
What are the prime factors of 859?
859
What are the prime factors of 54083?
54083
List the prime factors of 117766.
2, 11, 53, 101
List the prime factors of 2808.
2, 3, 13
What are the prime factors of 11138?
2, 5569
What are the prime factors of 32137?
7, 4591
List the prime factors of 9506.
2, 7, 97
List the prime factors of 41052.
2, 3, 11, 311
What are the prime factors of 3263?
13, 251
List the prime factors of 1752.
2, 3, 73
What are the prime factors of 105877?
239, 443
List the prime factors of 7148.
2, 1787
What are the prime factors of 87343?
19, 4597
What are the prime factors of 856?
2, 107
List the prime factors of 25928.
2, 7, 463
What are the prime factors of 8287?
8287
What are the prime factors of 31855?
5, 23, 277
What are the prime factors of 176147?
353, 499
What are the prime factors of 153?
3, 17
What are the prime factors of 150950?
2, 5, 3019
List the prime factors of 791.
7, 113
List the prime factors of 1037.
17, 61
List the prime factors of 3138.
2, 3, 523
What are the prime factors of 10143?
3, 7, 23
List the prime factors of 3147.
3, 1049
What are the prime factors of 584?
2, 73
What are the prime factors of 2325?
3, 5, 31
List the prime factors of 2275.
5, 7, 13
What are the prime factors of 50880?
2, 3, 5, 53
List the prime factors of 4320.
2, 3, 5
What are the prime factors of 27852?
2, 3, 11, 211
List the prime factors of 537.
3, 179
What are the prime factors of 111864?
2, 3, 59, 79
List the prime factors of 20536.
2, 17, 151
List the prime factors of 7257.
3, 41, 59
What are the prime factors of 8217?
3, 11, 83
List the prime factors of 567.
3, 7
List the prime factors of 89625.
3, 5, 239
What are the prime factors of 3609?
3, 401
What are the prime factors of 2630?
2, 5, 263
List the prime factors of 12908.
2, 7, 461
List the prime factors of 1366.
2, 683
List the prime factors of 28616.
2, 7, 73
What are the prime factors of 89713?
13, 67, 103
What are the prime factors of 195?
3, 5, 13
What are the prime factors of 673?
673
List the prime factors of 3364.
2, 29
List the prime factors of 62063.
53, 1171
What are the prime factors of 15624?
2, 3, 7, 31
What are the prime factors of 3042?
2, 3, 13
What are the prime factors of 29379?
3, 7, 1399
What are the prime factors of 19729?
109, 181
What are the prime factors of 739?
739
List the prime factors of 3738.
2, 3, 7, 89
List the prime factors of 25623.
3, 13, 73
What are the prime factors of 414?
2, 3, 23
List the prime factors of 4846.
2, 2423
What are the prime factors of 1605?
3, 5, 107
List the prime factors of 779.
19, 41
List the prime factors of 33185.
5, 6637
List the prime factors of 636.
2, 3, 53
List the prime factors of 48229.
17, 2837
What are the prime factors of 71250?
2, 3, 5, 19
What are the prime factors of 1065?
3, 5, 71
List the prime factors of 1091.
1091
List the prime factors of 863.
863
What are the prime factors of 26763?
3, 11, 811
List the prime factors of 25715.
5, 37, 139
What are the prime factors of 1392?
2, 3, 29
What are the prime factors of 1875?
3, 5
List the prime factors of 1617.
3, 7, 11
List the prime factors of 26486.
2, 17, 19, 41
List the prime factors of 70821.
3, 43, 61
List the prime factors of 192446.
2, 96223
List the prime factors of 2503.
2503
List the prime factors of 7078.
2, 3539
List the prime factors of 4.
2
List the prime factors of 1753.
1753
List the prime factors of 90870.
2, 3, 5, 13, 233
What are the prime factors of 20834?
2, 11, 947
List the prime factors of 2689.
2689
What are the prime factors of 14?
2, 7
List the prime factors of 3637.
3637
List the prime factors of 43572.
2, 3, 3631
List the prime factors of 899.
29, 31
List the prime factors of 1691.
19, 89
List the prime factors of 6339.
3, 2113
What are the prime factors of 2770?
2, 5, 277
What are the prime factors of 3624?
2, 3, 151
List the prime factors of 7161.
3, 7, 11, 31
What are the prime factors of 113742?
2, 3, 71, 89
List the prime factors of 2591.
2591
What are the prime factors of 312?
2, 3, 13
List the prime factors of 636.
2, 3, 53
List the prime factors of 22848.
2, 3, 7, 17
What are the prime factors of 61346?
2, 37, 829
What are the prime factors of 21091?
7, 23, 131
List the prime factors of 1300.
2, 5, 13
What are the prime factors of 10853?
10853
List the prime factors of 316.
2, 79
List the prime factors of 2907.
3, 17, 19
What are the prime factors of 7265?
5, 1453
What are the prime factors of 1168?
2, 73
List the prime factors of 2510.
2, 5, 251
List the prime factors of 11982.
2, 3, 1997
What are the prime factors of 77154?
2, 3, 7, 11, 167
What are the prime factors of 138497?
138497
List the prime factors of 153333.
3, 631
List the prime factors of 217.
7, 31
What are the prime factors of 2527?
7, 19
What are the prime factors of 147031?
147031
What are the prime factors of 6365?
5, 19, 67
List the prime factors of 3258.
2, 3, 181
List the prime factors of 270.
2, 3, 5
What are the prime factors of 30195?
3, 5, 11, 61
List the prime factors of 2395.
5, 479
List the prime factors of 19859.
7, 2837
List the prime factors of 314.
2, 157
List the prime factors of 860.
2, 5, 43
What are the prime factors of 631?
631
What are the prime factors of 697?
17, 41
What are the prime factors of 4729?
4729
Lis